 - 2. Let w be v(-2). Suppose 3*b = 3*o - 160 - w, 5*o + 2*b = 3178. Is (-3 - (-4 + 0)) + o composite?
True
Suppose 13*v + 31 = 668. Is v a composite number?
True
Let a be (-266)/(-8) - (-6)/8. Is a/4*(9 - -17) a composite number?
True
Suppose s + 5*o = 1036, 3*s + 2102 = 5*s + 4*o. Is s a composite number?
False
Let i = -46278 + 67279. Is i composite?
False
Let g(b) = -20*b + 23. Let z be g(-10). Suppose -4*c = 3*a - 264 + 43, -3*a = 5*c - z. Is a a composite number?
False
Is ((-42)/12)/(2/(-188)) a prime number?
False
Let j(m) = 1 + 17*m + 0 + 0. Let l be -3 + (-12)/(-4) + 2. Is j(l) prime?
False
Let z = -36 + 875. Is z a prime number?
True
Let m = -57 - -61. Suppose -m*w + 41 = -107. Is w composite?
False
Let d be -4*1*(-18)/8. Let w(c) = 6*c**2 + 8*c + 13. Let r be w(d). Suppose 0 = 2*n + 69 - r. Is n a composite number?
False
Suppose -4957*r = -4947*r - 418070. Is r prime?
False
Is (-132)/1254 + (-2)/(76/(-40930)) a prime number?
False
Let v(z) be the first derivative of 37*z**4/3 - z**3/3 - z**2/2 - 10*z + 1. Let g(a) be the first derivative of v(a). Is g(-1) composite?
False
Suppose b = 3*b - 3*j, -3*j = -3*b + 3. Suppose 0 = -b*s + 977 + 106. Is s prime?
False
Let l(c) = -6*c**3 - 4*c**2 - 10*c - 29. Is l(-12) a prime number?
True
Let y = 7434 + -4291. Is y a prime number?
False
Is (1548/(-6))/(-6)*173 composite?
True
Let d = -7 + 4. Let k(z) = -3*z - 5. Let i be k(d). Suppose -5*r + 505 = -i*f, r - 4*f - 112 = -f. Is r prime?
True
Let y(j) = -j**3 - 9*j**2 - 13*j + 9. Let v be y(-7). Suppose -x = v*m - 2*x - 10434, -5*m + 4*x = -26079. Is m a prime number?
False
Let v(g) = -g**3 - 10*g**2 - 7*g - 3. Let r be v(-6). Let q be (8/(-10))/(14/r). Let t(x) = 40*x - 5. Is t(q) composite?
True
Let m(g) = 74*g - 65. Suppose -62 = -4*v + 26. Is m(v) a prime number?
False
Suppose 0 = -j - 4*l + 6381, -4*j = -2*l + 2639 - 28181. Is j prime?
False
Let b be (4 - (-14)/(-2)) + -1. Let o be (-116230)/(-50) - b/10. Suppose -s - 934 = -2*i, o = 5*i - 0*s - 5*s. Is i composite?
True
Let p be (30/50)/(2/10). Let r(k) = -25*k**3 + 12*k**2 - 11*k + 28. Let a(l) = 6*l**3 - 3*l**2 + 3*l - 7. Let z(n) = 9*a(n) + 2*r(n). Is z(p) composite?
False
Suppose 2*r = 6*r - 40. Suppose -r = 2*f + 2*v, 17 - 2 = f - 3*v. Suppose f = -g + 10 + 4. Is g a composite number?
True
Suppose 4*j - g + 2*g - 3612 = 0, -j = -5*g - 903. Let h = j - 370. Is h a composite number?
True
Suppose -3*n = -o - 117, -5*n + n + 2*o + 158 = 0. Is n a composite number?
True
Let p = 15 - 8. Let o = 42 - p. Is o a composite number?
True
Is (-186)/(-1953) - 54115/(-21) a composite number?
True
Let r(k) = k + 5*k - 8*k - 1 + 0 + 9*k**2. Is r(2) composite?
False
Let x(h) be the second derivative of h**6/40 + h**5/30 + h**4/4 + h**3/2 + 2*h. Let q(k) be the second derivative of x(k). Is q(-5) composite?
False
Let m(v) = -331*v**3 + 7*v**2 + 37*v + 6. Is m(-5) a prime number?
False
Suppose 0 = 147*x - 148*x + 2. Is (-3 + x)*(-1 + 2 + -120) a prime number?
False
Let g(u) be the third derivative of u**6/360 + 3*u**5/40 + 19*u**4/24 + u**3/3 - 10*u**2. Let f(n) be the first derivative of g(n). Is f(16) composite?
False
Suppose 6*y + 101 + 367 = 0. Let c = y + 371. Is c prime?
True
Suppose 0 = 13*m + 34 - 112. Suppose m*h + 2*h - 31864 = 0. Is h a prime number?
False
Let l be (-1 - (-4849)/(-3))/(1/(-3)). Is (6/4)/(6/l) a prime number?
True
Suppose 5*h - 95 = -4*n, 2*h - 5*n - 6 = -1. Suppose 0 = 4*a - 3*q - 21, 0*q = 3*q - h. Is (a + 256)/(-1 - -2) a composite number?
True
Suppose 25 - 349 = -6*p. Suppose -b + p = b. Suppose -x - 3*c + 12 = -2*c, -2*x + b = c. Is x a composite number?
True
Suppose -2*t = -j - 1303, 2*t - 1318 = -0*t + 4*j. Is t prime?
False
Suppose 8*w = g + 3*w - 7593, -3*w = -2*g + 15200. Is g composite?
False
Let k(z) = 4*z**2 - 3*z + 2. Let q be k(1). Is (-14062)/(-6) + -4 + (-2)/q a composite number?
False
Let l be -1 - (-20)/8*6. Let y(g) = 2*g**2 - 17*g - 5. Is y(l) composite?
False
Let v(q) = 308*q**2 - 17*q - 33. Is v(-6) a prime number?
False
Let b(h) = h. Let q(r) = 71*r + 1. Let m(a) = 2*b(a) - q(a). Let x be m(-4). Suppose -s - x = -1242. Is s a composite number?
False
Let s(o) = -o**2 - 6*o - 2. Let r be s(-5). Suppose 5*m = -5, -m - 6 = -2*n + m. Suppose n*u - 75 = r*b - 8*b, 4*b + 101 = 3*u. Is u a composite number?
True
Let k(o) = -81*o**3 + 23*o**2 + 17*o - 2. Is k(-7) a composite number?
False
Let y = -34523 - -77262. Is y composite?
True
Let j be (-8)/28 - 74/(-14). Let s be (6/j)/(27/90). Suppose 5*f + 3*d = 3793, f = -s*f - d + 3801. Is f composite?
False
Suppose -3*o = 4*x - 2185, -3416 + 690 = -5*x - 2*o. Let t = 388 - x. Let j = t - -238. Is j composite?
True
Let v be (4/4)/(-5) + (-2328)/10. Let s(d) = -2*d**3 - 2*d**2 + 2*d - 2. Let u be s(4). Let b = u - v. Is b a composite number?
False
Suppose 0 = 5*r - 3*v - 0*v - 2440, 2*r = 3*v + 985. Is r a prime number?
False
Let u(z) = -2*z + 277. Is u(19) a composite number?
False
Let x = 596 - 317. Let s = x + 948. Is s a prime number?
False
Let c(k) = 69*k**3 + k**2 - 3*k + 2. Let o(w) = 3*w + 16. Let b be o(-5). Is c(b) a prime number?
False
Let h = -22415 + 12076. Let b = 16448 + h. Let x = -4352 + b. Is x a composite number?
True
Let z be (-99)/(-45) + (-1)/5. Let v(y) = z*y**2 + 1 - 4*y**2 + y + 4*y + y**3 - 2*y. Is v(6) a prime number?
True
Let u(k) = k**3 + 8*k**2 - 8*k. Let n(w) = w**2 - w. Let y(g) = 4*n(g) - u(g). Let h be y(-5). Suppose -2*r + 484 = 2*r - h*b, 2*r - 5*b = 242. Is r composite?
True
Let g(j) = -1. Let r(d) = -39*d - 1. Let x(k) = 3*g(k) + r(k). Is x(-5) a composite number?
False
Suppose -2*j + 7796 + 80 = 2*s, -s + 19710 = 5*j. Is j composite?
False
Is 1*(37 - -1)*3/6 a composite number?
False
Let j be ((-8 + -4)*3)/((-1)/(-1)). Is (-3846)/(-2)*(-6)/j*2 a prime number?
True
Is (-7650930)/(-105)*2*(-3)/(-12) prime?
True
Let i(s) = 10406*s + 63. Is i(4) prime?
True
Let d(u) = 3*u**2 + 27*u - 1. Let i be d(-9). Is ((-3086)/(-6))/((i/3)/(-1)) a composite number?
False
Let o(h) be the third derivative of 1/6*h**3 + 0 - h**2 + 65/12*h**4 + 0*h. Is o(1) composite?
False
Suppose -6 = -4*z + 6*z, 15 = -4*m - 5*z. Suppose -2*d = -3*p - m*p - 5294, 7975 = 3*d + 4*p. Is d composite?
True
Suppose 5*k - 10 = 5*h + 10, k + h = 12. Is (298/1)/(k/28) a prime number?
False
Suppose -4*k = -s - 3749, -2*k + 1303 = s - 570. Is k composite?
False
Let t(q) be the first derivative of -8*q**3/3 - 7*q**2/2 - 5*q + 6. Let i be t(-4). Let y = i - -170. Is y composite?
True
Suppose -4*s = m - 114, -4*m - 133 = 2*s - 575. Is (-4)/(-22) + 409510/m + -8 a composite number?
True
Let m(f) = 38*f + 32. Let p(b) = 13*b + 11. Let i(l) = -6*m(l) + 17*p(l). Let g be i(-6). Suppose -r = -g - 52. Is r a composite number?
False
Suppose -8130 + 20682 = 24*l. Is l a composite number?
False
Suppose v - 5 + 3 = 0. Let j be (18 - 1)/(v/20). Suppose 6*g = 8*g - j. Is g composite?
True
Suppose 3*q - 4*y + 1038 = 0, 5*q + 0*y = -2*y - 1730. Let v = q - -849. Is v a prime number?
True
Let r(g) = 3644*g**2 - 32*g - 1. Is r(3) a prime number?
False
Suppose 8 = 6*d - 4. Suppose 2*k - 1340 + 10 = -d*a, -5*a = -k + 677. Is k prime?
False
Let d(j) = 13*j - 4. Let m(o) = 64*o - 20. Let r(k) = 24*d(k) - 5*m(k). Let w be r(-5). Suppose -2*u - w = -198. Is u a prime number?
False
Let v be 376/3*72/32. Let a = 443 - v. Is a a composite number?
True
Suppose 36 = 4*q - 0*q. Let z = q - 9. Is 59 + 8/(z + -4) a prime number?
False
Let n = -3 + 7. Suppose -2*q + 2 = x, 0*x = n*x + 5*q - 5. Suppose 1 = -j - 1, x = c + 3*j - 88. Is c a prime number?
False
Let k = 107 - 51. Is k - 0 - ((-25)/(-5) + -2) a composite number?
False
Let p = -354 - -1396. Is p composite?
True
Suppose -3*r = -5*k - 30553, 4*r - 6*k = -5*k + 40760. Suppose -r = -4*o + 2533. Is o prime?
True
Let i(b) = 65*b + 18. Let k be i(5). Let s = -234 + k. Is s composite?
False
Let g be (-6)/((3/(-3))/1). Let z = 10 - g. Suppose z*b = 2*a + 20, -2*a = 4*b - 0*a - 28. Is b a prime number?
False
Let b(r) = -r**3 + 7*r**2 + 5*r + 2. Let x(f) = f**2 - 4*f + 1. Let g be x(5). Let u be b(g). Suppose 199 = 3*p - u. Is p prime?
True
Suppose 2*m + 1 = -3*s + 8, 3*m + 3 = 0. Suppose -c - s*g + 0 = -1, 4*g - 12 = -4*c. Suppose -1097 + 109 = -c*q. Is q composite?
True
Let m be 2 - ((-1)/3)/(5/30). Is (-